{"id":197,"date":"2024-03-01T12:26:35","date_gmt":"2024-03-01T12:26:35","guid":{"rendered":"https:\/\/envothemes.com\/envo-storefront\/?post_type=product&#038;p=197"},"modified":"2026-01-14T22:56:28","modified_gmt":"2026-01-14T19:56:28","slug":"rulo_kamp_masasi","status":"publish","type":"product","link":"https:\/\/joyfullturtle.com\/index.php\/urun\/rulo_kamp_masasi\/","title":{"rendered":"67*67*60 cm Ah\u015fap Katlan\u0131r Rulo Kamp \u00c7am Masa"},"content":{"rendered":"<p><strong>Joyfull Turtle 67*67*60 cm Ah\u015fap Katlan\u0131r Rulo Kamp, Piknik, Balkon, Bah\u00e7e Masas\u0131 Ceviz Rengi\u00a0<\/strong><\/p>\n<p>\u00c7am a\u011fac\u0131ndan \u00fcretilmi\u015ftir. \u00dcst tablas\u0131 rulo \u015feklinde katlanabilmektedir. 4 ayak ve 2 adet birle\u015ftirme \u00e7ubu\u011fu ile kolay kurulum \u00f6zelli\u011findedir. Do\u011fal sa\u011fl\u0131kl\u0131\u00a0 ya\u011f ile renk kazand\u0131r\u0131lm\u0131\u015ft\u0131r. Su ge\u00e7irmez, \u015f\u0131k tasar\u0131ml\u0131 \u00e7antas\u0131 ile rahat\u00e7a ta\u015f\u0131n\u0131r.<\/p>\n<p>Ta\u015f\u0131nabilir, hafif katlan\u0131r Joyfull Turtle masas\u0131, do\u011fa ile i\u00e7 i\u00e7e keyifli zaman ge\u00e7irmenizde bir numaral\u0131 tercihiniz olacak.<\/p>\n<p>KAMP ve P\u0130KN\u0130K i\u00e7in m\u00fckemmel. Do\u011fa ile i\u00e7 i\u00e7e olarak rahatlaman\u0131z\u0131 sa\u011flar. Kamp yaparken, Joyfull Turtle kamp masa ve sandalyeleri, kamp zaman\u0131n\u0131z\u0131n vazge\u00e7ilmez bir par\u00e7as\u0131d\u0131r, sevdi\u011finiz i\u00e7ecek ve yiyecekler kamp masas\u0131nda size e\u015flik eder.<\/p>\n<p>KATLANAB\u0130L\u0130R VE YERDEN TASARRUF SA\u011eLAYAN Joyfull Turtle kamp masalar\u0131, \u00f6zel tasar\u0131m\u0131 sayesinde rulo \u015feklinde kolayca katlanabilir.<\/p>\n<p>Joyfull Turtle katlan\u0131r masalar\u0131n\u0131, piknikte, kampta, karavanda, balkonda, verandada, bal\u0131k tutarken, bah\u00e7ede, sahilde, oturma odan\u0131zda, i\u00e7 ve d\u0131\u015f\u00a0 mekanlarda kullanabilirsiniz.<\/p>\n<p>Ah\u015fab\u0131n e\u015fsiz g\u00f6r\u00fcn\u00fcm\u00fc, ah\u015fap koruyucu do\u011fal ya\u011f ile renklendirilmi\u015ftir.<\/p>\n<p>Joyfull Turtle katlan\u0131r masalar\u0131, y\u00fcksek kaliteli \u00e7\u0131nar, \u00e7am ve kay\u0131n a\u011fac\u0131 alternatifleri ile sizin tercihinize hitap etmek i\u00e7in \u00e7e\u015fitlendirildi. Her bir \u00fcr\u00fcn do\u011fal koruyucu ya\u011f ile renklendirildi. Kullan\u0131lan ah\u015fap malzeme \u00e7e\u015fidine g\u00f6re her birinin kendine \u00f6zg\u00fc duru\u015fu ve tarz\u0131 var.<\/p>\n<p>Farkl\u0131 ebatlarda \u00fcretildi\u011fi i\u00e7in ihtiyac\u0131n\u0131za uygun \u00e7\u00f6z\u00fcm bulman\u0131za yard\u0131mc\u0131 olur. Joyfull Turtle katlan\u0131r masalar\u0131n\u0131z\u0131, farkl\u0131 y\u00fckseklikte kullanmak isterseniz ek olarak sat\u0131lan ayak tak\u0131mlar\u0131n\u0131 tercih edebilirsiniz. Bu sayede, bir masay\u0131 farkl\u0131 y\u00fcksekliklerde ihtiyac\u0131n\u0131za y\u00f6nelik de\u011fi\u015ftirebilir, birden fazla y\u00fckseklikte kullanabilirsiniz.<\/p>\n<p>Joyfull Turtle katlan\u0131r masalar\u0131n\u0131, hi\u00e7bir alet gerekmeden kolayca kurabilirsiniz. Su ge\u00e7irmez \u00f6zellikli \u015f\u0131k tasar\u0131ml\u0131 ta\u015f\u0131ma \u00e7antas\u0131 ile rahat ve keyifli zaman ge\u00e7irmenize katk\u0131 sa\u011flar.<\/p>\n<p><strong>JOYFULL TURTLE KATLANIR MASANIN FARKI<\/strong><\/p>\n<p>Sahip olmaya de\u011fer bir katlan\u0131r masa<\/p>\n<p>\u015e\u0131k g\u00f6r\u00fcn\u00fcm, m\u00fckemmel tasar\u0131m, ta\u015f\u0131nabilirlik, birinci s\u0131n\u0131f malzemeler ile \u00fcretim<\/p>\n<p>Tamamen el i\u015f\u00e7ili\u011fi<\/p>\n<p>Sa\u011flam, kullan\u0131m\u0131 rahat<\/p>\n<p>Kurulumu kolay<\/p>\n<p>EN71-3 belgeli ah\u015fap koruyucu ya\u011f uygulamas\u0131 (Ceviz rengi)<\/p>\n<p>Kaymay\u0131 engelleyen plastik pabu\u00e7lar sayesinde zeminden etkilenmez<\/p>\n<p>Su ge\u00e7irmez \u00f6zellikte \u00e7antas\u0131 ile kolayca silinir, do\u011fa \u015fartlar\u0131ndan kendini korur.<\/p>\n<p><strong>\u00d6L\u00c7\u00dcLER<\/strong><br \/>\nEn: 67 cm \u00b7 Boy: 67 cm \u00b7 Y\u00fckseklik: 60 cm<br \/>\n\u00c7anta Y\u00fckseklik 60 cm<br \/>\nA\u011f\u0131rl\u0131k:<br \/>\n<strong>\u00dcR\u00dcN \u0130\u00c7ER\u0130\u011e\u0130<\/strong><br \/>\nOmuz ask\u0131l\u0131 su ge\u00e7irmez \u00e7anta<br \/>\n67&#215;67 cm Masa tablas\u0131 (1 adet)<br \/>\nBirle\u015ftirme \u00e7ubuklar\u0131 \u2013 67 cm (2 adet)<br \/>\nAh\u015fap ayak \u2013 60 cm (4 adet)<br \/>\n<strong>\u00dcR\u00dcN \u00d6ZELL\u0130KLER\u0130<\/strong><br \/>\nKolay kurulum<br \/>\nK\u0131z\u0131l \u00e7am a\u011fac\u0131ndan ah\u015fap masa tablas\u0131<br \/>\nEN71-3 belgeli ah\u015fap koruyucu ya\u011f uygulamas\u0131 (Ceviz rengi)<br \/>\nSa\u011flam ve \u015f\u0131k tasar\u0131m<br \/>\nPaket halinde yer tasarrufu<br \/>\nEl ve omuzda rahat ta\u015f\u0131ma<br \/>\n<strong>KURULUM ADIMLARI<\/strong><br \/>\nMasa tabla rulosunu \u00e7antas\u0131ndan \u00e7\u0131kar\u0131n ve yumu\u015fak bir zemine ters \u015fekilde a\u00e7\u0131n.<br \/>\nBirle\u015ftirme \u00e7ubuklar\u0131n\u0131 tabladaki yuvalara yerle\u015ftirin.<br \/>\nAh\u015fap ayaklar\u0131, masa tablas\u0131n\u0131n alt\u0131na tak\u0131lan birle\u015ftirme \u00e7ubuklar\u0131ndan ge\u00e7irip tabladaki yuvalara tak\u0131n<br \/>\nSon aya\u011f\u0131, masan\u0131z\u0131n tablas\u0131n\u0131 hafif\u00e7e gerginle\u015ftirdikten sonra tak\u0131n\u0131z.<br \/>\nBAKIM TAL\u0130MATLARI<br \/>\nMasan\u0131z\u0131 ilk kullan\u0131mda a\u00e7\u0131k havada havaland\u0131r\u0131n\u0131z.<br \/>\nMasay\u0131 nemli bir bez ile temizleyebilirsiniz.<br \/>\nMasan\u0131z nemli ise kurumas\u0131n\u0131 bekleyip \u00e7antas\u0131na yerle\u015ftiriniz.<\/p>\n","protected":false},"excerpt":{"rendered":"<p>Rulo \u015feklinde katlanabilir \u00e7am a\u011fac\u0131ndan \u00fcretilmi\u015f 67x67x60 \u00f6l\u00e7\u00fclerinde Joyfull Turtle masas\u0131n\u0131, piknikte, kampta, karavanda, balkonda, verandada, bal\u0131k tutarken, bah\u00e7ede, sahilde, oturma odan\u0131zda, i\u00e7 ve d\u0131\u015f\u00a0 mekanlarda kullanabilirsiniz.<\/p>\n<p>\u00c7antas\u0131 ile birlikte teslim edilmektedir. \u00c7antas\u0131 suya dayan\u0131kl\u0131d\u0131r. Masan\u0131z\u0131 rahat\u00e7a ta\u015f\u0131man\u0131za olanak sa\u011flar<\/p>\n","protected":false},"featured_media":1378,"comment_status":"open","ping_status":"closed","template":"","meta":[],"product_brand":[154],"product_cat":[242,201],"product_tag":[119,90,29,89,244,53],"class_list":{"0":"post-197","1":"product","2":"type-product","3":"status-publish","4":"has-post-thumbnail","6":"product_brand-joyfull-turtle","7":"product_cat-kamp","8":"product_cat-karavan","9":"product_tag-cam-masa","10":"product_tag-ceviz-rengi-masa","11":"product_tag-kamp-masa","12":"product_tag-katlanir-masa","13":"product_tag-masa","14":"product_tag-rulo-masa","16":"first","17":"instock","18":"featured","19":"shipping-taxable","20":"purchasable","21":"product-type-simple"},"aioseo_notices":[],"jetpack_sharing_enabled":true,"_links":{"self":[{"href":"https:\/\/joyfullturtle.com\/index.php\/wp-json\/wp\/v2\/product\/197","targetHints":{"allow":["GET"]}}],"collection":[{"href":"https:\/\/joyfullturtle.com\/index.php\/wp-json\/wp\/v2\/product"}],"about":[{"href":"https:\/\/joyfullturtle.com\/index.php\/wp-json\/wp\/v2\/types\/product"}],"replies":[{"embeddable":true,"href":"https:\/\/joyfullturtle.com\/index.php\/wp-json\/wp\/v2\/comments?post=197"}],"wp:featuredmedia":[{"embeddable":true,"href":"https:\/\/joyfullturtle.com\/index.php\/wp-json\/wp\/v2\/media\/1378"}],"wp:attachment":[{"href":"https:\/\/joyfullturtle.com\/index.php\/wp-json\/wp\/v2\/media?parent=197"}],"wp:term":[{"taxonomy":"product_brand","embeddable":true,"href":"https:\/\/joyfullturtle.com\/index.php\/wp-json\/wp\/v2\/product_brand?post=197"},{"taxonomy":"product_cat","embeddable":true,"href":"https:\/\/joyfullturtle.com\/index.php\/wp-json\/wp\/v2\/product_cat?post=197"},{"taxonomy":"product_tag","embeddable":true,"href":"https:\/\/joyfullturtle.com\/index.php\/wp-json\/wp\/v2\/product_tag?post=197"}],"curies":[{"name":"wp","href":"https:\/\/api.w.org\/{rel}","templated":true}]}}